 99.
11
Suppose 5*x = -15, 0 = m + 4*x - x - 7. Suppose 3*c + h = -14, 3*c - h + 7 = -15. Let g be (64*-1)/(5 + c). Calculate the greatest common divisor of g and m.
16
Let r(l) = -l + 38. Let h be r(18). Calculate the highest common divisor of h and 55.
5
Let w(l) = 4*l - 34. Suppose -13 = -d - 3*o, 2*d - o - 31 = -5. Let z be w(d). Calculate the highest common divisor of z and 9.
9
Let d be (1/(-2)*2)/1. Let x be ((-16)/d)/(0 - -2). Suppose 3*t - 28 = -m, t - 4 + x = 3*m. Calculate the highest common factor of t and 8.
8
Suppose 77*m + 6 = 80*m, p + 5*m - 94 = 0. What is the highest common factor of 476 and p?
28
Let f(z) = -34*z - 38. Let j be f(-8). What is the greatest common factor of 18 and j?
18
Suppose 2 = -2*k + 5*o, -3*k + 3*o = -2*o - 2. Let c = k - 0. Suppose 3*a - 32 = -x + 2*a, -2*x + 72 = 4*a. Calculate the highest common divisor of c and x.
4
Let f(z) = z**2 - 4*z - 5. Let t be f(6). Let m be (-7)/(-1 + 66/68). Let s = -168 + m. What is the greatest common divisor of t and s?
7
Let l be (-2)/6 - (-97)/3. Suppose 3*h - 286 = -0*h + 5*y, -2*y = -h + 96. Let p = h + -12. What is the highest common divisor of p and l?
16
Let c be -17 + (-6)/(-2) - -4. Let d be (1 + 8/(-20))/((-2)/c). Calculate the greatest common divisor of 21 and d.
3
Suppose 2*n - 540 = -3*n. Let v be 9 + 2/((-28)/(-210)). What is the highest common divisor of v and n?
12
Let x be ((-33)/2)/(5/((-330)/11)). What is the highest common divisor of x and 77?
11
Let a = -13 - -25. Let k = -20 + 32. Calculate the highest common factor of a and k.
12
Let r be (3 + (-11)/3)/((-6)/351). Calculate the highest common factor of r and 78.
39
Let b(f) = 47*f + 5. Let t be b(5). Suppose 3*x + t = 4*x. Suppose 5*o + o = x. Calculate the highest common divisor of 10 and o.
10
Suppose f + 20 = 6*f. Suppose -f*a - 352 = -8*a. Calculate the highest common factor of 22 and a.
22
Let i(y) = y**3 + 19*y**2 - 22*y - 37. Let m be i(-20). What is the greatest common factor of 6 and m?
3
Suppose -872 = -2*b - 3*h, -5*b - 12*h + 8*h = -2166. Calculate the highest common divisor of 10 and b.
10
Let o(j) = -9*j - 52. Let t be o(-6). What is the highest common factor of t and 16?
2
Let x be 2/(-2)*(81 + -4). Let r = -29 - x. Calculate the highest common divisor of r and 120.
24
Suppose -4*u + 14 = -2, 0 = -5*w + 3*u + 108. What is the greatest common divisor of w and 8?
8
Let b be (-14)/49 + (-676)/(-14). Let y be (b/32)/((-1)/14). Let t be 330/14 - (-12)/y. Calculate the highest common divisor of t and 253.
23
Let s(j) = -j**3 - 8*j**2 - 8*j - 5. Let w be s(-7). Let c be 5/w*222/90*12. Calculate the highest common factor of c and 185.
37
Suppose 0 = -8*d - 84 + 404. Suppose -4*s + 3*j + d = 0, 3*j + 2*j = 20. Calculate the highest common factor of 143 and s.
13
Let l = 17 - 3. Suppose 2*o = -3*o + 3150. Suppose 2*r - 7*r + o = 0. Calculate the highest common factor of l and r.
14
Suppose -4 = 4*c, -24 = -5*y + 3*c + 39. What is the highest common divisor of 162 and y?
6
Let k be 5 + (7 - 2)*-2. Let t be (15/k)/(-3)*(2 + -1). What is the greatest common factor of t and 4?
1
Suppose -537*j + 531*j = -1302. Suppose 5*k + 41 = o, -6*o + 4*o + 2*k + 66 = 0. What is the greatest common divisor of j and o?
31
Let y be (21 - 24)*4876/(-12). What is the highest common factor of 23 and y?
23
Suppose -3*x - 86 + 368 = 0. Let w = x - -441. Suppose -3*t + 305 = -w. What is the highest common divisor of 40 and t?
40
Let j = -949 + 1196. Calculate the highest common factor of j and 52.
13
Let o(a) = -a**3 + 4*a**2 - 4*a + 6. Let l be o(-4). Calculate the highest common divisor of l and 175.
25
Let h = 108 - 82. Calculate the greatest common divisor of 13 and h.
13
Let i(l) = 5*l - 34. Let d be i(10). Suppose 6*h + 240 = d*h. Calculate the highest common factor of 12 and h.
12
Let j be 140/50 - 1/5*-1. Suppose 95 = j*l - 46. What is the greatest common factor of l and 282?
47
Suppose 0*v = 3*v + 4*a - 196, a - 67 = -v. Suppose -5*m - 20 = 0, -2*m - 3*m - 92 = -4*o. What is the highest common factor of o and v?
18
Let f(k) be the third derivative of k**5/60 + 5*k**4/24 - 7*k**3/2 + 3*k**2. Let l be f(-8). What is the highest common factor of 15 and l?
3
Let x be -1 + 12/(-6) + -2 - -32. Calculate the highest common factor of 297 and x.
27
Let m = 75 - 35. Let z be ((-36)/20)/(6/(-20)). Suppose -3*g + 5*c + z + 74 = 0, g - c - 24 = 0. Calculate the greatest common divisor of m and g.
20
Let u(m) = 2*m**2 + 8*m - 10. Let z be u(-7). Suppose -2*s = -5*p - z, -5*p + 16 = s - p. Calculate the greatest common divisor of 176 and s.
16
Suppose -19*h = 2*h - 1512. Let m be 2/(8/5)*144. Calculate the highest common divisor of h and m.
36
Suppose -7*z - 1360 = -17*z. What is the highest common divisor of 24 and z?
8
Suppose -6*m + 9*m - 4449 = -4*k, 0 = 2*m + 5*k - 2973. What is the highest common factor of m and 102?
51
Let t = -134 + 234. Calculate the greatest common divisor of 80 and t.
20
Let y(g) = -g**2 + 19*g + 10. Let k be y(10). Suppose -5*d + m = -3*m - 46, -m = -1. Calculate the highest common factor of d and k.
10
Suppose 0 = 3*b + b + j - 1604, -5*j = -20. Calculate the greatest common factor of 16 and b.
16
Let q(p) = -p**3 - 3*p**2 + 3*p + 770. Let a be q(0). Calculate the greatest common factor of 20 and a.
10
Suppose 0 = 3*l - 7*l + 4*f + 56, -3*f + 3 = 2*l. What is the highest common divisor of 441 and l?
9
Let i(j) = -j**2 + 11*j + 3. Let c be i(10). Calculate the greatest common factor of c and 221.
13
Let t be (30/3)/((-26)/(-455)). Calculate the highest common divisor of t and 105.
35
Let v(p) = -p - 1. Let q be v(-1). Suppose q = 4*x - 32 - 12. Let i = 146 - 69. Calculate the highest common factor of i and x.
11
Let t = -281 + 468. Let k(r) = -25*r - 33. Let b be k(-2). Calculate the greatest common factor of t and b.
17
Let p be (0*(3 - 4))/2. Suppose p*u = -5*u + 1080. What is the greatest common factor of u and 27?
27
Let d = 194 + -127. Calculate the greatest common factor of 134 and d.
67
Suppose 5*s + 1110 = 3*h - 387, 3*s + 4*h + 875 = 0. Let n be (28/(-6) + 0)/(18/s). Calculate the greatest common factor of n and 11.
11
Let t be ((-55)/(-15))/((-2)/(-6)). Suppose 2*v - c - 89 = 0, c = -0*v + v - 45. Calculate the highest common divisor of v and t.
11
Let b(r) = -r - 5 + 4 + 24*r**2 - 19*r**2 + r**3. Let z be b(-5). Suppose z*q + 1 = 9. Calculate the greatest common factor of q and 2.
2
Let d = 66 + -60. Let l be -2 - 100*2/d*-3. Calculate the greatest common factor of l and 14.
14
Let f be ((-1)/3)/((-81)/843453). What is the highest common divisor of 39 and f?
39
Let y(a) = 7*a + 6. Let n = 39 - 32. Let t be y(n). Calculate the greatest common divisor of t and 5.
5
Let z = -265 - -273. Calculate the highest common divisor of z and 32.
8
Let f be 22*-18 + 0/11. Let p = -261 - f. What is the greatest common factor of 27 and p?
27
Suppose 206 + 82 = 4*f. Calculate the greatest common divisor of f and 504.
72
Let t be (5/(-15)*-1)/((-2)/30). Suppose -5*r + 292 + 243 = 0. Let v = r - t. Calculate the greatest common divisor of v and 28.
28
Let c = 5 - 3. Suppose 34 = c*b + 32. What is the highest common factor of b and 1?
1
Suppose -2*k + 0*k - 2*x = -26, 0 = -x + 4. Calculate the greatest common divisor of 90 and k.
9
Let l = -19 - 2. Let i = 23 + -17. Let k be ((-12)/21)/(i/l). What is the highest common factor of 8 and k?
2
Let k = -9354 - -9438. Suppose -3*j = -2*j - 28. Calculate the greatest common divisor of j and k.
28
Suppose 0 = 2*k + 2*k + 8. Let r be 2/(2 - 1) - 6/k. Suppose -4*l - 4*i - 16 = 0, 0*l + 29 = 4*l - 5*i. What is the greatest common factor of l and r?
1
Let r = -83 - -106. What is the highest common factor of r and 161?
23
Suppose -3*q + 4*r + 196 = 0, -5*r = 4*q - 157 - 63. Suppose -y = -3*k + q, 5*k - 100 = 3*y - 5*y. What is the highest common divisor of 50 and k?
10
Let s(l) = -23*l**3 + 14*l**2 + 33*l. Let h be s(-3). What is the greatest common divisor of h and 8?
8
Let j be 4/10 + (-532)/(-95). Let x = 34 - 19. Calculate the greatest common factor of x and j.
3
Let q(u) = -u**2 + 30*u - 65. Let n be q(27). Calculate the greatest common factor of n and 16.
16
Suppose 0*l - 2*l = x - 2, 3*l = 2*x + 3. Suppose -b - 3*u + 10 = x, 5 = 3*u + 2*u. What is the gre